{"id":109,"date":"2020-10-01T21:01:32","date_gmt":"2020-10-01T21:01:32","guid":{"rendered":"https:\/\/puntamita.com\/webapp\/?page_id=109"},"modified":"2024-03-26T23:40:20","modified_gmt":"2024-03-26T23:40:20","slug":"golf-es","status":"publish","type":"page","link":"https:\/\/puntamita.com\/webapp\/golf-es\/","title":{"rendered":"Golf es"},"content":{"rendered":"<p><div class=\"fusion-fullwidth fullwidth-box fusion-builder-row-1 fusion-flex-container nonhundred-percent-fullwidth non-hundred-percent-height-scrolling fusion-no-medium-visibility fusion-no-large-visibility\" style=\"background-color: #004c45;background-position: center center;background-repeat: no-repeat;border-width: 0px 0px 0px 0px;border-color:#e2e2e2;border-style:solid;\" ><div class=\"fusion-builder-row fusion-row fusion-flex-align-items-flex-start\" style=\"max-width:1248px;margin-left: calc(-4% \/ 2 );margin-right: calc(-4% \/ 2 );\"><div class=\"fusion-layout-column fusion_builder_column fusion-builder-column-0 fusion_builder_column_1_1 1_1 fusion-flex-column\"><div class=\"fusion-column-wrapper fusion-flex-justify-content-flex-start fusion-content-layout-column\" style=\"background-position:left top;background-repeat:no-repeat;-webkit-background-size:cover;-moz-background-size:cover;-o-background-size:cover;background-size:cover;padding: 0px 0px 0px 0px;\"><table width=100%\" \"height=20px\" border=\"0\">\n  <tbody>\n\t<tr style:\"height=20px\">\n\t  <td align=\"left\" v-align=\"center\"><a href=\"https:\/\/puntamita.com\/webapp\/punta-mita-es\/\"><img class=\"alignnone size-full wp-image-402\" src=\"https:\/\/puntamita.com\/webapp\/wp-content\/uploads\/2020\/10\/logo_puntamita_05.png\" alt=\"\" width=\"160\" height=\"39\" \/><\/a><\/td>\n\t  <td align=\"left\" v-align=\"center\"><style=\"text-align: left;\"><a class=\"fb-icon-element-1 fb-icon-element fontawesome-icon fa-angle-left fas circle-no fusion-text-flow fusion-link icon-hover-animation-slide\" style=\"font-size:16px;margin-right:8px;\" href=\"https:\/\/puntamita.com\/webapp\/punta-mita-es\/\" aria-label=\"Link to https:\/\/puntamita.com\/webapp\/punta-mita-es\/\" target=\"_self\"><\/a><style>a.fb-icon-element.fontawesome-icon.fb-icon-element-1{ color: #ffffff;}a.fb-icon-element.fontawesome-icon.fb-icon-element-1:hover { color: #ffffff;}<\/style> <a href=\"https:\/\/puntamita.com\/webapp\/punta-mita-es\/\"><span style:\"color:#FFFFFF\"><strong>BACK<\/strong><\/span><\/a><\/td>\n\t<\/tr>\n  <\/tbody>\n<\/table>\n\n<\/div><\/div><style type=\"text\/css\">.fusion-body .fusion-builder-column-0{width:100% !important;margin-top : 0%;margin-bottom : 0%;}.fusion-builder-column-0 > .fusion-column-wrapper {padding-top : 0px !important;padding-right : 0px !important;margin-right : 1.92%;padding-bottom : 0px !important;padding-left : 0px !important;margin-left : 1.92%;}@media only screen and (max-width:1024px) {.fusion-body .fusion-builder-column-0{width:100% !important;}.fusion-builder-column-0 > .fusion-column-wrapper {margin-right : 1.92%;margin-left : 1.92%;}}@media only screen and (max-width:640px) {.fusion-body .fusion-builder-column-0{width:100% !important;}.fusion-builder-column-0 > .fusion-column-wrapper {margin-right : 1.92%;margin-left : 1.92%;}}<\/style><\/div><style type=\"text\/css\">.fusion-fullwidth.fusion-builder-row-1 a:not(.fusion-button):not(.fusion-builder-module-control):not(.fusion-social-network-icon):not(.fb-icon-element):not(.fusion-countdown-link):not(.fusion-rollover-link):not(.fusion-rollover-gallery):not(.fusion-button-bar):not(.add_to_cart_button):not(.show_details_button):not(.product_type_external):not(.fusion-view-cart):not(.fusion-quick-view):not(.fusion-rollover-title-link):not(.fusion-breadcrumb-link) , .fusion-fullwidth.fusion-builder-row-1 a:not(.fusion-button):not(.fusion-builder-module-control):not(.fusion-social-network-icon):not(.fb-icon-element):not(.fusion-countdown-link):not(.fusion-rollover-link):not(.fusion-rollover-gallery):not(.fusion-button-bar):not(.add_to_cart_button):not(.show_details_button):not(.product_type_external):not(.fusion-view-cart):not(.fusion-quick-view):not(.fusion-rollover-title-link):not(.fusion-breadcrumb-link):before, .fusion-fullwidth.fusion-builder-row-1 a:not(.fusion-button):not(.fusion-builder-module-control):not(.fusion-social-network-icon):not(.fb-icon-element):not(.fusion-countdown-link):not(.fusion-rollover-link):not(.fusion-rollover-gallery):not(.fusion-button-bar):not(.add_to_cart_button):not(.show_details_button):not(.product_type_external):not(.fusion-view-cart):not(.fusion-quick-view):not(.fusion-rollover-title-link):not(.fusion-breadcrumb-link):after {color: #ffffff;}.fusion-fullwidth.fusion-builder-row-1 a:not(.fusion-button):not(.fusion-builder-module-control):not(.fusion-social-network-icon):not(.fb-icon-element):not(.fusion-countdown-link):not(.fusion-rollover-link):not(.fusion-rollover-gallery):not(.fusion-button-bar):not(.add_to_cart_button):not(.show_details_button):not(.product_type_external):not(.fusion-view-cart):not(.fusion-quick-view):not(.fusion-rollover-title-link):not(.fusion-breadcrumb-link):hover, .fusion-fullwidth.fusion-builder-row-1 a:not(.fusion-button):not(.fusion-builder-module-control):not(.fusion-social-network-icon):not(.fb-icon-element):not(.fusion-countdown-link):not(.fusion-rollover-link):not(.fusion-rollover-gallery):not(.fusion-button-bar):not(.add_to_cart_button):not(.show_details_button):not(.product_type_external):not(.fusion-view-cart):not(.fusion-quick-view):not(.fusion-rollover-title-link):not(.fusion-breadcrumb-link):hover:before, .fusion-fullwidth.fusion-builder-row-1 a:not(.fusion-button):not(.fusion-builder-module-control):not(.fusion-social-network-icon):not(.fb-icon-element):not(.fusion-countdown-link):not(.fusion-rollover-link):not(.fusion-rollover-gallery):not(.fusion-button-bar):not(.add_to_cart_button):not(.show_details_button):not(.product_type_external):not(.fusion-view-cart):not(.fusion-quick-view):not(.fusion-rollover-title-link):not(.fusion-breadcrumb-link):hover:after {color: #ffffff;}.fusion-fullwidth.fusion-builder-row-1 .pagination a.inactive:hover, .fusion-fullwidth.fusion-builder-row-1 .fusion-filters .fusion-filter.fusion-active a {border-color: #ffffff;}.fusion-fullwidth.fusion-builder-row-1 .pagination .current {border-color: #ffffff; background-color: #ffffff;}.fusion-fullwidth.fusion-builder-row-1 .fusion-filters .fusion-filter.fusion-active a, .fusion-fullwidth.fusion-builder-row-1 .fusion-date-and-formats .fusion-format-box, .fusion-fullwidth.fusion-builder-row-1 .fusion-popover, .fusion-fullwidth.fusion-builder-row-1 .tooltip-shortcode {color: #ffffff;}#wrapper .fusion-fullwidth.fusion-builder-row-1 .fusion-widget-area .fusion-vertical-menu-widget .menu li.current_page_ancestor > a, #wrapper .fusion-fullwidth.fusion-builder-row-1 .fusion-widget-area .fusion-vertical-menu-widget .menu li.current_page_ancestor > a:before, #wrapper .fusion-fullwidth.fusion-builder-row-1 .fusion-widget-area .fusion-vertical-menu-widget .current-menu-item > a, #wrapper .fusion-fullwidth.fusion-builder-row-1 .fusion-widget-area .fusion-vertical-menu-widget .current-menu-item > a:before, #wrapper .fusion-fullwidth.fusion-builder-row-1 .fusion-widget-area .fusion-vertical-menu-widget .current_page_item > a, #wrapper .fusion-fullwidth.fusion-builder-row-1 .fusion-widget-area .fusion-vertical-menu-widget .current_page_item > a:before {color: #ffffff;}#wrapper .fusion-fullwidth.fusion-builder-row-1 .fusion-widget-area .widget_nav_menu .menu li.current_page_ancestor > a, #wrapper .fusion-fullwidth.fusion-builder-row-1 .fusion-widget-area .widget_nav_menu .menu li.current_page_ancestor > a:before, #wrapper .fusion-fullwidth.fusion-builder-row-1 .fusion-widget-area .widget_nav_menu .current-menu-item > a, #wrapper .fusion-fullwidth.fusion-builder-row-1 .fusion-widget-area .widget_nav_menu .current-menu-item > a:before, #wrapper .fusion-fullwidth.fusion-builder-row-1 .fusion-widget-area .widget_nav_menu .current_page_item > a, #wrapper .fusion-fullwidth.fusion-builder-row-1 .fusion-widget-area .widget_nav_menu .current_page_item > a:before {color: #ffffff;}#wrapper .fusion-fullwidth.fusion-builder-row-1 .fusion-vertical-menu-widget .menu li.current_page_item > a { border-right-color:#ffffff;border-left-color:#ffffff;}#wrapper .fusion-fullwidth.fusion-builder-row-1 .fusion-widget-area .tagcloud a:hover { color: #fff; background-color: #ffffff;border-color: #ffffff;}#main .fusion-fullwidth.fusion-builder-row-1 .post .blog-shortcode-post-title a:hover {color: #ffffff;}.fusion-body .fusion-flex-container.fusion-builder-row-1{ padding-top : 0px;margin-top : 0%;padding-right : 0px;padding-bottom : 0px;margin-bottom : 0%;padding-left : 0px;}<\/style><\/div><div class=\"fusion-fullwidth fullwidth-box fusion-builder-row-2 fusion-flex-container nonhundred-percent-fullwidth non-hundred-percent-height-scrolling fusion-no-medium-visibility fusion-no-large-visibility\" style=\"background-color: rgba(255,255,255,0);background-position: center center;background-repeat: no-repeat;border-width: 0px 0px 0px 0px;border-color:#e2e2e2;border-style:solid;\" ><div class=\"fusion-builder-row fusion-row fusion-flex-align-items-flex-start\" style=\"max-width:1248px;margin-left: calc(-4% \/ 2 );margin-right: calc(-4% \/ 2 );\"><div class=\"fusion-layout-column fusion_builder_column fusion-builder-column-1 fusion_builder_column_1_1 1_1 fusion-flex-column\"><div class=\"fusion-column-wrapper fusion-flex-justify-content-flex-start fusion-content-layout-column\" style=\"background-position:left top;background-repeat:no-repeat;-webkit-background-size:cover;-moz-background-size:cover;-o-background-size:cover;background-size:cover;padding: 20px 0px 0px 0px;\"><style type=\"text\/css\">@media only screen and (max-width:1024px) {.fusion-title.fusion-title-1{margin-top:10px!important;margin-bottom:15px!important;}}@media only screen and (max-width:640px) {.fusion-title.fusion-title-1{margin-top:10px!important;margin-bottom:10px!important;}}<\/style><div class=\"fusion-title title fusion-title-1 fusion-title-text fusion-title-size-four\" style=\"margin-top:10px;margin-bottom:15px;\"><div class=\"title-sep-container title-sep-container-left fusion-no-large-visibility fusion-no-medium-visibility fusion-no-small-visibility\"><div class=\"title-sep sep-double sep-solid\" style=\"border-color:#ffffff;\"><\/div><\/div><h4 class=\"title-heading-left\" style=\"margin:0;color:#004c45;\">Club de Golf<\/h4><div class=\"title-sep-container title-sep-container-right\"><div class=\"title-sep sep-double sep-solid\" style=\"border-color:#ffffff;\"><\/div><\/div><\/div><div ><span class=\" fusion-imageframe imageframe-none imageframe-1 hover-type-none\"><img width=\"1169\" image_height=\"509\" image_id=\"54\" title=\"golf\" src=\"https:\/\/puntamita.com\/webapp\/wp-content\/uploads\/2020\/10\/golf.jpg\" class=\"img-responsive wp-image-54\" srcset=\"https:\/\/puntamita.com\/webapp\/wp-content\/uploads\/2020\/10\/golf-200x87.jpg 200w, https:\/\/puntamita.com\/webapp\/wp-content\/uploads\/2020\/10\/golf-400x174.jpg 400w, https:\/\/puntamita.com\/webapp\/wp-content\/uploads\/2020\/10\/golf-600x261.jpg 600w, https:\/\/puntamita.com\/webapp\/wp-content\/uploads\/2020\/10\/golf-800x348.jpg 800w, https:\/\/puntamita.com\/webapp\/wp-content\/uploads\/2020\/10\/golf.jpg 1169w\" sizes=\"(max-width: 640px) 100vw, 1169px\" \/><\/span><\/div><style type=\"text\/css\">.fusion-accordian  #accordion-109-1 .panel-title a .fa-fusion-box{ color: #ffffff;}.fusion-accordian  #accordion-109-1 .panel-title a .fa-fusion-box:before{ font-size: 16px; width: 16px;}.fusion-accordian  #accordion-109-1 .fa-fusion-box { background-color: #004c45;border-color: #004c45;}.fusion-accordian  #accordion-109-1 .panel-title a:hover, #accordion-109-1 .fusion-toggle-boxed-mode:hover .panel-title a { color: #007c3e;}.fusion-accordian  #accordion-109-1 .panel-title .active .fa-fusion-box,.fusion-accordian  #accordion-109-1 .panel-title a:hover .fa-fusion-box { background-color: #007c3e!important;border-color: #007c3e!important;}<\/style><div class=\"accordian fusion-accordian\"><div class=\"panel-group\" id=\"accordion-109-1\" role=\"tablist\"><div class=\"fusion-panel panel-default\" role=\"tabpanel\"><div class=\"panel-heading\"><h4 class=\"panel-title toggle\"><a aria-expanded=\"false\" aria-selected=\"false\" aria-controls=\"1dae508a9058f4445\" role=\"tab\" data-toggle=\"collapse\" data-parent=\"#accordion-109-1\" data-target=\"#1dae508a9058f4445\" href=\"#1dae508a9058f4445\"><span class=\"fusion-toggle-icon-wrapper\" aria-hidden=\"true\"><i class=\"fa-fusion-box\" aria-hidden=\"true\"><\/i><\/span><span class=\"fusion-toggle-heading\">HORARIO<\/span><\/a><\/h4><\/div><div id=\"1dae508a9058f4445\" class=\"panel-collapse collapse \"><div class=\"panel-body toggle-content fusion-clearfix\">\n<p><strong>Beverage Cart Service<\/strong><\/p>\n<ul>\n<li>7:30am to 5:00pm<\/li>\n<\/ul>\n<p class=\"m_-4674165085051636029MsoListParagraph\"><u><\/u><strong>PROSHOP<br \/>\n<\/strong>\u00a0<u><\/u>7am \u2013 7pm Lunes a domingo<\/p>\n<p class=\"m_-4674165085051636029MsoListParagraph\"><u><\/u><u><\/u><u><\/u><span lang=\"EN-US\"><strong>TAIL OF THE WHALE RESTAURANT<br \/>\n<\/strong><\/span><strong>Caf\u00e9 de cortes\u00eda:<\/strong> 07:30 am \u2013 10:00 am<br \/>\n<strong>Desayuno:<\/strong> 08:00 am \u2013 11:30 am<br \/>\n<u><\/u><span lang=\"EN-US\"><strong>Almuerzo:<\/strong> 11:30 am \u2013 05:00 pm<br \/>\n<\/span><span lang=\"EN-US\"><strong>Servicio de bar:<\/strong> 10:00 am \u2013 07:00 pm<\/span><\/p>\n<p class=\"m_-4674165085051636029MsoListParagraph\"><u><\/u><u><\/u><u><\/u><span lang=\"EN-US\"><strong>HALFWAY HOUSE<br \/>\n<\/strong><u><\/u><\/span><u><\/u><span lang=\"EN-US\">09:30 am \u2013 4:30 pm<\/span><\/p>\n<p><span lang=\"EN-US\"><strong>SERVICIO DE CARRITO DE BEBIDAS<br \/>\n<\/strong><u><\/u><\/span><u><\/u><span lang=\"EN-US\">07:30 am \u2013 5:00 pm<\/span><\/p>\n<\/div><\/div><\/div><div class=\"fusion-panel panel-default\" role=\"tabpanel\"><div class=\"panel-heading\"><h4 class=\"panel-title toggle\"><a aria-expanded=\"false\" aria-selected=\"false\" aria-controls=\"e9c67663c664007ef\" role=\"tab\" data-toggle=\"collapse\" data-parent=\"#accordion-109-1\" data-target=\"#e9c67663c664007ef\" href=\"#e9c67663c664007ef\"><span class=\"fusion-toggle-icon-wrapper\" aria-hidden=\"true\"><i class=\"fa-fusion-box\" aria-hidden=\"true\"><\/i><\/span><span class=\"fusion-toggle-heading\">GREEN FEES<\/span><\/a><\/h4><\/div><div id=\"e9c67663c664007ef\" class=\"panel-collapse collapse \"><div class=\"panel-body toggle-content fusion-clearfix\">\n<p><span style=\"color: #004c45;\"><strong>Temporada alta 1 de Noviembre hasta 31 de Mayo<\/strong><\/span><\/p>\n<p>Guest Green Fees- 18 hoyos: $300 USD<br \/>\nGuest tarifa 9 hoyos: $185 USD<br \/>\nGuest 12 a\u00f1os &amp; menores (9 o 18 hoyos): $85 USD<br \/>\nGuest 15 a\u00f1os &amp; menores (9 o 18 hoyos): $180 USD<br \/>\nGuest Twilight Rate after 1:00pm: $230 USD<br \/>\nGuest Twilight Rate with clubs after 1:00pm: 280 USD<\/p>\n<p><span style=\"color: #004c45;\"><strong><br \/>\nTemporada baja 1 de Junio hasta 31 de Octubre<\/strong><\/span><\/p>\n<p>Guest Green Fees- 18 hoyos: $225 USD<br \/>\nGuest tarifa 9 hoyos: $150 USD<br \/>\nGuest 12 a\u00f1os&amp; menores (9 o 18 hoyos): $85 USD<br \/>\nGuest 15 a\u00f1os y menores (9 o 18 hoyos): $150 USD<br \/>\nGuest Twilight Rate after 1:00pm: $185 USD<br \/>\nGuest Twilight Rate with clubs after 1:00pm: 225 USD<\/p>\n<p><em>* Precios sujetos a un impuesto del 16% + un cargo por servicio del 10%<\/em><\/p>\n<p>Las tarifas de Green Fees son para 9 y 18 hoyos. Carrito de golf compartido y uso del campo de pr\u00e1ctica incluido. Rondas m\u00faltiples (en el mismo d\u00eda) disponibles pagando la tarifa de repetici\u00f3n de: Invitados &#8211; 9 o 18 hoyos: $95 USD<\/p>\n<p><span style=\"color: #004c45;\"><strong><br \/>\nOtros<\/strong><\/span><\/p>\n<p>Campo de pr\u00e1ctica: $35 USD<br \/>\nCampo de pr\u00e1ctica con alquiler de palos: $50 USD<br \/>\nCampo de pr\u00e1ctica &#8220;Ni\u00f1os&#8221; (Palos incluidos. Ni\u00f1os menores de 10 a\u00f1os): $25 USD<br \/>\nAlquiler de palos: $70 USD<br \/>\nAlquiler de palos Junior: $40 USD<br \/>\nAlquiler de zapatos: $20 USD<br \/>\nCarrito extra: $55 USD<br \/>\n&#8220;Experiencia 3B&#8221; (incluye: carrito, palos, gu\u00eda y acceso al hoyo 3B): $60 USD<\/p>\n<\/div><\/div><\/div><div class=\"fusion-panel panel-default\" role=\"tabpanel\"><div class=\"panel-heading\"><h4 class=\"panel-title toggle\"><a aria-expanded=\"false\" aria-selected=\"false\" aria-controls=\"09cca5fa56cb37ba6\" role=\"tab\" data-toggle=\"collapse\" data-parent=\"#accordion-109-1\" data-target=\"#09cca5fa56cb37ba6\" href=\"#09cca5fa56cb37ba6\"><span class=\"fusion-toggle-icon-wrapper\" aria-hidden=\"true\"><i class=\"fa-fusion-box\" aria-hidden=\"true\"><\/i><\/span><span class=\"fusion-toggle-heading\">CAMPOS DE GOLF<\/span><\/a><\/h4><\/div><div id=\"09cca5fa56cb37ba6\" class=\"panel-collapse collapse \"><div class=\"panel-body toggle-content fusion-clearfix\">\n<ul>\n<li><a href=\"http:\/\/golfpuntamita.com\/pacifico\/\" target=\"_blank\" rel=\"noopener noreferrer\">Pacifico Golf Course<\/a><\/li>\n<li><a href=\"http:\/\/golfpuntamita.com\/golf2\/\" target=\"_blank\" rel=\"noopener noreferrer\">Bahia Golf Course<\/a><\/li>\n<\/ul>\n<\/div><\/div><\/div><div class=\"fusion-panel panel-default\" role=\"tabpanel\"><div class=\"panel-heading\"><h4 class=\"panel-title toggle\"><a aria-expanded=\"false\" aria-selected=\"false\" aria-controls=\"e110bc4d662ef742e\" role=\"tab\" data-toggle=\"collapse\" data-parent=\"#accordion-109-1\" data-target=\"#e110bc4d662ef742e\" href=\"#e110bc4d662ef742e\"><span class=\"fusion-toggle-icon-wrapper\" aria-hidden=\"true\"><i class=\"fa-fusion-box\" aria-hidden=\"true\"><\/i><\/span><span class=\"fusion-toggle-heading\">ACADEMIA DE GOLF<\/span><\/a><\/h4><\/div><div id=\"e110bc4d662ef742e\" class=\"panel-collapse collapse \"><div class=\"panel-body toggle-content fusion-clearfix\"><\/div><\/div><\/div><div class=\"fusion-panel panel-default\" role=\"tabpanel\"><div class=\"panel-heading\"><h4 class=\"panel-title toggle\"><a aria-expanded=\"false\" aria-selected=\"false\" aria-controls=\"d349c343576dea58a\" role=\"tab\" data-toggle=\"collapse\" data-parent=\"#accordion-109-1\" data-target=\"#d349c343576dea58a\" href=\"#d349c343576dea58a\"><span class=\"fusion-toggle-icon-wrapper\" aria-hidden=\"true\"><i class=\"fa-fusion-box\" aria-hidden=\"true\"><\/i><\/span><span class=\"fusion-toggle-heading\">TAIL OF THE WHALE RESTAURANTE<\/span><\/a><\/h4><\/div><div id=\"d349c343576dea58a\" class=\"panel-collapse collapse \"><div class=\"panel-body toggle-content fusion-clearfix\"><\/div><\/div><\/div><div class=\"fusion-panel panel-default\" role=\"tabpanel\"><div class=\"panel-heading\"><h4 class=\"panel-title toggle\"><a aria-expanded=\"false\" aria-selected=\"false\" aria-controls=\"0a8aa5ff2983d1fdb\" role=\"tab\" data-toggle=\"collapse\" data-parent=\"#accordion-109-1\" data-target=\"#0a8aa5ff2983d1fdb\" href=\"#0a8aa5ff2983d1fdb\"><span class=\"fusion-toggle-icon-wrapper\" aria-hidden=\"true\"><i class=\"fa-fusion-box\" aria-hidden=\"true\"><\/i><\/span><span class=\"fusion-toggle-heading\">CONTACTO<\/span><\/a><\/h4><\/div><div id=\"0a8aa5ff2983d1fdb\" class=\"panel-collapse collapse \"><div class=\"panel-body toggle-content fusion-clearfix\">\n<ul>\n<li><strong>Proshop<\/strong><br \/>\n<a href=\"mailto:proshop.pun@fourseasons.com\">proshop.pun@fourseasons.com<\/a><br \/>\n+52 329 291 5590<\/li>\n<li><strong>John McIntyre<\/strong><br \/>\n<em>PGA Director of Golf &#8211; Punta Mita Golf Club<\/em><br \/>\n<a href=\"mailto:john.mcintyre@fourseasons.com\">john.mcintyre@fourseasons.com<\/a><\/li>\n<li><strong>Arturo Castro<\/strong><br \/>\n<em>PGA Head Golf Professional &#8211; Punta Mita Golf Club<\/em><br \/>\n<a href=\"mailto:arturo.castro@fourseasons.com\">arturo.castro@fourseasons.com<\/a><\/li>\n<li><strong>Martha Gonzalez <\/strong><br \/>\n<em>Member Service-Pro Shop Manager &#8211; Punta Mita Golf Club<\/em><br \/>\n<a href=\"mailto:martha.gonzalez@fourseasons.com\">martha.gonzalez@fourseasons.com<\/a><\/li>\n<\/ul>\n<\/div><\/div><\/div><\/div><\/div><div class=\"fusion-separator fusion-full-width-sep\" style=\"align-self: center;margin-left: auto;margin-right: auto;margin-top:20px;margin-bottom:20px;width:100%;\"><div class=\"fusion-separator-border sep-double\" style=\"border-color:#ffffff;border-top-width:1px;border-bottom-width:1px;\"><\/div><\/div><div class=\"fusion-text fusion-text-1\"><p>Punta Mita alberga dos campos de golf Jack Nicklaus Signature dentro de su comunidad. El campo Pacifico se construy\u00f3 en 1999 y cuenta con el \u00fanico hoyo par 3 del cual se dice que es el \u00fanico hoyo en todo el mundo que cuenta con un green sobre una isla natural. Bahia, construido en 2009, ofrece desafiantes greens y espectaculares hoyos junto al mar. El uso de los campos de golf es exclusivo para hu\u00e9spedes de los resorts, miembros del Club Punta Mita e invitados de los miembros del club.<\/p>\n<\/div><\/div><\/div><style type=\"text\/css\">.fusion-body .fusion-builder-column-1{width:100% !important;margin-top : 0%;margin-bottom : 20px;}.fusion-builder-column-1 > .fusion-column-wrapper {padding-top : 20px !important;padding-right : 0px !important;margin-right : 1.92%;padding-bottom : 0px !important;padding-left : 0px !important;margin-left : 1.92%;}@media only screen and (max-width:1024px) {.fusion-body .fusion-builder-column-1{width:100% !important;}.fusion-builder-column-1 > .fusion-column-wrapper {margin-right : 1.92%;margin-left : 1.92%;}}@media only screen and (max-width:640px) {.fusion-body .fusion-builder-column-1{width:100% !important;}.fusion-builder-column-1 > .fusion-column-wrapper {margin-right : 1.92%;margin-left : 1.92%;}}<\/style><\/div><style type=\"text\/css\">.fusion-body .fusion-flex-container.fusion-builder-row-2{ padding-top : 0px;margin-top : 0px;padding-right : 0px;padding-bottom : 0px;margin-bottom : 0px;padding-left : 0px;}<\/style><\/div><\/p>\n","protected":false},"excerpt":{"rendered":"","protected":false},"author":2,"featured_media":0,"parent":0,"menu_order":0,"comment_status":"closed","ping_status":"closed","template":"100-width.php","meta":[],"_links":{"self":[{"href":"https:\/\/puntamita.com\/webapp\/wp-json\/wp\/v2\/pages\/109"}],"collection":[{"href":"https:\/\/puntamita.com\/webapp\/wp-json\/wp\/v2\/pages"}],"about":[{"href":"https:\/\/puntamita.com\/webapp\/wp-json\/wp\/v2\/types\/page"}],"author":[{"embeddable":true,"href":"https:\/\/puntamita.com\/webapp\/wp-json\/wp\/v2\/users\/2"}],"replies":[{"embeddable":true,"href":"https:\/\/puntamita.com\/webapp\/wp-json\/wp\/v2\/comments?post=109"}],"version-history":[{"count":2,"href":"https:\/\/puntamita.com\/webapp\/wp-json\/wp\/v2\/pages\/109\/revisions"}],"predecessor-version":[{"id":583,"href":"https:\/\/puntamita.com\/webapp\/wp-json\/wp\/v2\/pages\/109\/revisions\/583"}],"wp:attachment":[{"href":"https:\/\/puntamita.com\/webapp\/wp-json\/wp\/v2\/media?parent=109"}],"curies":[{"name":"wp","href":"https:\/\/api.w.org\/{rel}","templated":true}]}}